Suppose -z + 3 = -0. Let j(h) = 2*h**2 - 6*h**2 - 3 - 8*h + z*h**2. What are the prime factors of j(-5)?
2, 3
Let q(f) = -f + 31. Let k(d) = d**3 + 9*d**2 + d - 1. Let s be 141/(-15) + (-6)/(-15). Let l be k(s). List the prime factors of q(l).
41
Let r be ((-2)/3 + 1)*15. Suppose -5*d - 5*b = -152 - 138, 0 = d + r*b - 78. Let g = -27 + d. List the prime factors of g.
2, 13
Suppose -5*r - 13 = -43. What are the prime factors of 6270/27 + r/(-27)?
2, 29
What are the prime factors of (20/12)/(10/2550)?
5, 17
Let s = 21 + -16. What are the prime factors of (-2 + s)/((-9)/(-6))?
2
Let p = 223 - -2134. What are the prime factors of p?
2357
Let f be (-5)/(-16 - -1)*18. Suppose -g = 4*m - 224, -g - 232 = -f*m + 2*m. What are the prime factors of m?
3, 19
Let d = -25 - -1. Let o = -43 - -109. Let j = o + d. List the prime factors of j.
2, 3, 7
Suppose -3*v = -15, l - 2*l + v = 2. Suppose -2*y + 124 = 114. Suppose -y*d - 6 = -2*d, 109 = 5*u + l*d. What are the prime factors of u?
23
Suppose -3*p - 3*s = -4*s + 4, 0 = 4*p + 3*s - 12. Let u(a) = 3*a + 12. Let l be u(p). What are the prime factors of -3*(1 - 244/l)?
2, 29
Suppose -3*c + a + 284 = 0, 4*c - 280 = c + 2*a. Let v = c + -66. What are the prime factors of v?
2, 3, 5
Suppose -20*o - 3366 = -26*o. What are the prime factors of o?
3, 11, 17
Suppose -3*o = 4*d - 2*o + 37, 2*o - 6 = 0. Let c(g) = -g**3 - 10*g**2 - 9*g + 1. List the prime factors of c(d).
7, 13
Let b = -5 + 15. Suppose 0 = -o + b + 27. What are the prime factors of o?
37
Suppose -4*c = 4*t - 20 + 4, 0 = 4*c. Suppose h = t*h - 198. List the prime factors of h.
2, 3, 11
Suppose -5*y = -4*b - 0*y - 372, 3*y = -b - 76. What are the prime factors of (-16)/b + (-1578)/(-33)?
2, 3
Suppose -4*t + 2*r + 21 - 439 = 0, -4*t - 3*r - 393 = 0. Let l = -37 - t. What are the prime factors of l?
5, 13
Let j(z) = -z - 3. Let n(o) = -o**2 - 7. Let t be n(0). Let q be (6/t)/((-1)/(-7)). List the prime factors of j(q).
3
Let i(t) = -12*t**3 - 2*t**2 + 2*t + 2. Let p be i(-2). Let w = 31 - 29. Suppose 0 = -4*r - 3*f + 123, -w*r - p = -5*r - f. What are the prime factors of r?
3
Let t(h) = -5*h**3 + 7*h**2 - 3*h - 9. Let m be t(4). What are the prime factors of -3*(-5)/(-5) + (-4 - m)?
2, 3, 37
Suppose 5*v + o + 8 = 0, -8 = -o - 3*o. What are the prime factors of ((-7)/v)/(-2 + (-75)/(-36))?
2, 3, 7
Let j(m) = 2*m**2 + 40*m + 12. Let u(g) = 7*g - 64. Let d be u(6). List the prime factors of j(d).
2, 5
Let y(t) = 2*t - 39. Let s be y(21). Suppose 4*u + 684 = 5*l, l + s*u - 132 = -u. What are the prime factors of l?
2, 17
Let j be 3/(-12) - 72/(-32). Suppose 2*t - 4*a = 76, -5*a = -j*t + 60 + 17. What are the prime factors of t?
2, 3
Let r = 1112 + -320. Suppose 11*k - r = 1529. List the prime factors of k.
211
Let u(r) = 4*r + 77 + 81 - 166 + 2*r**2. What are the prime factors of u(-6)?
2, 5
Let p = 1978 - 1064. What are the prime factors of p?
2, 457
Let b(j) = j**3 + 9*j**2 - 5*j - 9. Let x be b(-6). Suppose -q + 0*u = -u - x, 2*u = -3*q + 377. List the prime factors of q.
127
Suppose 12*t + 18*t = 12270. List the prime factors of t.
409
Suppose 3*i = -k - 6, 4*k + 0*k - 8 = 4*i. Let z(c) = -5*c - 2. What are the prime factors of z(i)?
2
Suppose 2*y - 2154 = -2*h - 0*y, y = -2*h + 2152. What are the prime factors of h?
5, 43
Suppose -5*x + 66 = x. Let i = x + 29. List the prime factors of i.
2, 5
Suppose -l - 3*l = -48. Suppose c + 0*c - 2*k + 11 = 0, 2*c = -3*k - 15. Let t = l + c. What are the prime factors of t?
3
Let c = -42 + 203. What are the prime factors of c?
7, 23
Let r be ((-164)/6)/((-14)/63). Suppose -4*l + 2*c + 3*c = -519, l - r = -c. What are the prime factors of l?
2, 3, 7
Let p be (-1 - 13)*4/(-2). Let j = -26 + p. Suppose -3*r + 53 = 2*b + 2*r, j*b - 56 = -2*r. List the prime factors of b.
29
Let b(z) = 2*z**3 - 6*z**2 + 2*z + 13. Let g be b(7). Suppose -g = -10*v + 551. List the prime factors of v.
97
Suppose 4*t + 6080 = 9*t. What are the prime factors of t?
2, 19
Suppose l - 10 + 2 = 0. Suppose -l = -2*r, -6*s - 3*r = -3*s - 51. List the prime factors of s.
13
Let x(t) be the first derivative of 13*t**2/2 - 3*t - 24. Let c be (-1 - 0) + (-6)/(-2). What are the prime factors of x(c)?
23
Let x(r) = r**2 - 66*r + 18. What are the prime factors of x(-13)?
5, 11, 19
Suppose -8*q + 5*q = -9, -5*i = 2*q - 7331. What are the prime factors of i?
5, 293
Let t(c) = 1 - 3*c**2 - 1226*c + 4*c**2 + 1230*c. List the prime factors of t(8).
97
Suppose 0 = -3*d + 8*d - 20. Suppose 3*y - d = -c, -4*c - y - y = -6. Let s(q) = 8*q**3 + q**2 - q + 1. What are the prime factors of s(c)?
3
Suppose 3*z - 4*z - 5 = 0, 2*y + z = 197. Let h(a) = -a + 6. Let p be h(6). Suppose -3*b + b + 4 = 0, -3*r - 4*b + y = p. List the prime factors of r.
31
Let m = -240 + 532. What are the prime factors of m?
2, 73
Suppose -h - 7 + 72 = -s, 0 = 3*s - 2*h + 193. Let k be 7*(-66)/s*9. Suppose -c - c + k = 0. What are the prime factors of c?
3, 11
Let f be (-14)/(-4)*8/4. Let x = -20 + f. Let g = -1 - x. What are the prime factors of g?
2, 3
Let z(c) = c**3 + 13*c**2 - c - 13. Let p be z(-13). Suppose 3*n - n + 10 = p, 5*l - 2*n - 450 = 0. What are the prime factors of l?
2, 11
Let w = 492 + -295. List the prime factors of w.
197
Let a = 81 + -18. Let j = a - -1. List the prime factors of j.
2
Let i = 1 - 1. Let j(h) = -h - 1. Let q be j(i). What are the prime factors of (-6)/3 - (-25 - q)?
2, 11
Let i = 1 + -5. Let l(o) = -4*o. Let s be l(i). Let d = 38 - s. What are the prime factors of d?
2, 11
Suppose -2*a - 10 = 0, -a - 138 = -2*l + 553. Suppose l + 651 = 14*v. List the prime factors of v.
71
Let y be (-18)/30*(2 + -7). Suppose -5*p + 133 = y*z, 0*p + 97 = 2*z + 5*p. What are the prime factors of z?
2, 3
Let t(u) = -u**3 + 11*u**2 + 16*u + 5. Let o be t(12). Let f = 134 - o. List the prime factors of f.
3
Let k = 1056 - 642. What are the prime factors of k?
2, 3, 23
Suppose 7959 = 5*l + r, -2*r - 1597 = -l + 3*r. List the prime factors of l.
2, 199
Suppose -2*n - 2*f + 8 = 0, 0*n + 14 = 4*n + 3*f. What are the prime factors of ((-25)/10 + n)*-124?
2, 31
Let s(p) = -2*p - 36. Let k(z) = -z - 1. Let l(t) = 4*k(t) - s(t). What are the prime factors of l(15)?
2
Let t(g) = 10*g + 10. Let z be 6*2 + 8/(-2). What are the prime factors of t(z)?
2, 3, 5
Let c(t) = -21*t**3 + 3*t**2 - 6*t - 6. What are the prime factors of c(-2)?
2, 3, 31
Suppose 1151 = -5*c + 5*r + 7836, 0 = 4*c + r - 5338. What are the prime factors of c?
3, 5, 89
Suppose -5*i = -o - 6, -3*i + 35 = 5*o + 9. Suppose -3*t - i*g + 78 = -156, 4*t - 317 = -g. What are the prime factors of t?
2, 5
Let z be (0 + (-2)/(-1))/1. Let d(u) = -u**3 - 42*u**2 + 3*u + 131. Let a be d(-42). Suppose -5*f = 4*c - 128, -z - 8 = -a*c. List the prime factors of f.
2, 3
Let f be (-3)/(1 + (-94)/88). Suppose 2*i = -0*o + o + 14, i + 125 = -5*o. Let v = f + o. List the prime factors of v.
2, 5
Let y be 2/6 + (-1626)/(-9). Let x = -352 + y. List the prime factors of x/(-12) + (-2)/8.
2, 7
Suppose -4*j - 4*m = 1 - 29, 0 = -5*j + 4*m + 8. Suppose -2*b - 8 = -3*p, -j*p = b - 2*b - 14. List the prime factors of b.
2
Suppose -2*n = -n - 27. Let m = 31 - n. List the prime factors of m.
2
What are the prime factors of 11 - (4 + 2) - (-1343 - -3)?
5, 269
Suppose 21 = 3*b - 2*w, -b - 4 = -4*w - 21. Suppose -2*s + 38 + 24 = 0. Suppose -h + s + 24 = b*z, 11 = z + 3*h. List the prime factors of z.
11
Suppose 3*x - 1997 = 280. List the prime factors of x.
3, 11, 23
Suppose 2*b - 106 = -b + 4*o, 5*o - 165 = -5*b. Let u = b - 33. Let g = 20 - u. What are the prime factors of g?
19
What are the prime factors of (-4600)/(-75)*69/4?
2, 23
Let r = 30 - 46. Let o(f) = f + 15. Let v be o(r). List the prime factors of 0 - v - (-62 - 8).
71
Let z be 10 + 7 - 4/(12/9). Suppose -308 - 504 = -z*q. What are the prime factors of q?
2, 29
Suppose 0 = -5*s + 3*j + 19 + 521, -j = 0. List the prime factors of s.
2, 3
Suppose -3*c - 44 = -7*c. Suppose 712 = c*s - 7*s. List the prime factors of s.
2, 89
Suppose -a = u + 1, -2*a + 14 = 2*a - 2*u. Suppose 3*g - 156 = 2*k, a*g + k - 112 = 5*k. What are the prime factors of g?
2, 5
Suppose 2*r - 499 + 147 = 0. Suppose i = -3*i + r. What are the prime factors of i?
2, 11
Suppose 4*j + 5 - 1 = 0. Let a be 4 - ((-3 - j) + 3